c + 78. Let g be f(0). What is the highest common factor of 403 and g?
13
Let r(d) = d**2 + 8*d + 14. Let j be r(-6). Suppose 2*i - 31 - 25 = -3*b, 2 = i - 5*b. What is the highest common factor of j and i?
2
Suppose 0 = 121*v - 118*v. Suppose q - 53 = r + 97, v = 5*q + 2*r - 715. Calculate the greatest common divisor of 29 and q.
29
Let g = 256 + -95. What is the greatest common divisor of g and 23?
23
Let y(d) = 89*d - 160. Let w be y(5). Calculate the greatest common factor of w and 30.
15
Suppose 0 = -28*v + 25*v. Let j be v - (-2)/(-3 - 39/(-12)). What is the highest common divisor of 20 and j?
4
Let w(u) = u**3 - 5*u**2 - 27*u + 19. Let p be w(8). Let g = 8 + -11. Let d be p*(45/25 + g). What is the greatest common divisor of d and 3?
3
Let d = 1211 + -845. Calculate the greatest common divisor of d and 12.
6
Let y = 141 - 47. What is the highest common divisor of 47 and y?
47
Suppose 0 = -2*w + 5*w + 69. Let k = w + 45. Suppose -n + k + 4 = i, -144 = -4*i + 4*n. What is the highest common divisor of i and 155?
31
Suppose 35904 = 46*n - 13*n. Calculate the greatest common divisor of n and 128.
64
Let r(v) = -v**2 - 21*v + 6. Let i = 13 + -24. Let a be r(i). Suppose 0*j + j = -2, -3*f + 4*j + a = 0. Calculate the highest common divisor of f and 9.
9
Suppose 1 = 2*v - o, 2*v - 4*o = -7*o + 13. What is the highest common factor of v and 11?
1
Let z(a) = a**2 - 18*a + 18. Let h be z(17). Let p be 962/12 - h/6. What is the highest common factor of 5 and p?
5
Suppose -4*o + 4 = -8*a + 7*a, 5*o - 22 = -3*a. Calculate the greatest common factor of a and 500.
4
Let y be 22*1 - 0/(-2). Suppose 2*g = 2*v - 28, v - 3*g = 4*v - 36. Suppose v*t + 5*t - 990 = 0. What is the greatest common factor of t and y?
11
Let l be ((-16)/16)/(2/(-48)). What is the highest common divisor of l and 42?
6
Let c(g) = -4*g - 30. Let f be c(-11). Let h(q) = 18*q - 10. Let r be (-3 + 36/10)*10. Let v be h(r). Calculate the highest common divisor of f and v.
14
Let c = 58 - 56. Suppose 95 = 2*q - s + 7, c*s - 118 = -3*q. What is the greatest common factor of q and 6?
6
Let d be (10/(-4))/(18/(-36)). Let v = d - -49. What is the highest common factor of v and 6?
6
Let d be 171/2*(1 + 1). Let k = 2279 - 2260. What is the greatest common factor of k and d?
19
Let s be (6/12)/((-2)/(-4)). Let w be 56/(-21)*(0 - 6). Suppose 0 = 4*c - w - 4. What is the greatest common divisor of c and s?
1
Suppose 2725 - 745 = 66*l. What is the highest common divisor of l and 930?
30
Let j be (-4)/(-18) - (-18)/(-81). Suppose 79 = 2*a + t - 9, j = 3*t. What is the highest common divisor of a and 11?
11
Let m be 24 - (-37)/(296/48). Calculate the highest common divisor of m and 150.
30
Let x be (-4 + 582)/(3/15*5). What is the highest common divisor of x and 68?
34
Suppose 13*l - 43 - 152 = 0. Suppose -l*a + 210 = -10*a. Calculate the highest common factor of a and 126.
42
Let b(m) = 11*m - 194. Let t be b(30). What is the highest common factor of 34 and t?
34
Let r = 158 - 145. Let l(f) = 18*f - 17. Let t be l(6). What is the highest common factor of r and t?
13
Let z be -1*1 + (-5 - -8). Suppose 0 = 3*k + 4*c - 254, -z*c + 0*c - 8 = 0. Suppose 6*p = 4*p + k. What is the highest common factor of p and 18?
9
Suppose -3*l + 2*h + 752 = 298, -4*h - 604 = -4*l. Let k = 10 - -28. What is the highest common divisor of k and l?
38
Let h be (-1)/(4/(-208)) - -1. Let w(u) = -1 - 9*u + h*u - 19*u + 56*u. Let r be w(1). Calculate the highest common divisor of r and 10.
10
Let u(s) = 3*s**2 - 2*s + 4. Let g be u(-4). Suppose -2*j = 2*j - g. Suppose 3*d = 11 + 7. Calculate the highest common divisor of d and j.
3
Suppose 4*i - z = 9, -2 = 2*z - 0. Let b be (-13)/(i + -2 + 1). Let a = 41 - b. What is the greatest common divisor of 6 and a?
6
Let p(z) = -z**3 + 4*z**2 + 5*z - 5. Let a be p(5). Let l be (a/(20/(-8)))/(-1)*-4. What is the greatest common divisor of 40 and l?
8
Suppose -5*b - 4*r = -45, b + 5*r - 9 = 10*r. Let l(c) = -c**3 + 11*c**2 - 6*c + 5. Let d be l(10). What is the highest common factor of d and b?
9
Let g = 31 - 15. Suppose -4*d + g = -0*d. Suppose 0 = -t + d*t - 57. Calculate the highest common divisor of 19 and t.
19
Let z = -295 - -300. Calculate the greatest common factor of z and 295.
5
Let m = -2719 + 2731. Calculate the greatest common divisor of m and 204.
12
Suppose -29*w + 9762 + 823 = 0. Calculate the highest common factor of 511 and w.
73
Let b(l) = -17*l**2 - 306*l + 6. Let i be b(-18). Calculate the greatest common factor of i and 288.
6
Suppose -3*u = -31 + 13. Suppose -2*c + 4*v = -24, -c + 0*c + 3*v = -9. What is the highest common divisor of c and u?
6
Let w be (-3)/(((-15)/16)/5). Suppose 3*b - 4 - 8 = 0. Suppose 20 = b*i, -3*t = t - i - 155. What is the highest common factor of t and w?
8
Let k be (-2)/12 - 169/(-78). Suppose 980 = -k*u + 9*u. Calculate the greatest common divisor of u and 20.
20
Let s be (-10)/(-15) + (-80)/(-6). Suppose -2*w + 199 = 3*l - 69, 12 = -3*l. What is the greatest common divisor of s and w?
14
Suppose 137 - 1307 = -9*o. What is the greatest common factor of o and 52?
26
Let s = -322 - -512. Calculate the greatest common divisor of s and 30.
10
Let x(s) = s**3 + s**2 - 3*s + 2. Let t be x(2). Let l = 10 - t. Let h be 35/30 + l/(-12). What is the greatest common divisor of h and 6?
1
Let p = -891 - -1071. Calculate the highest common factor of p and 270.
90
Suppose -13*n + 10*n - 3*o + 57 = 0, -5*n - 4*o = -91. Let w be ((-1)/1 + 0)*-10. Calculate the highest common divisor of w and n.
5
Let q(c) be the third derivative of -c**6/120 + 7*c**5/60 + 11*c**4/24 - 2*c**3 - 10*c**2. Let p be q(8). Calculate the greatest common divisor of 96 and p.
12
Suppose -3*h - 34 = -55. Suppose 960 = 11*w - h*w. What is the greatest common factor of w and 30?
30
Let z be 4/28 - 48/(-7). Let q(a) = -a + 3. Let y be q(z). Let x be 1/((y/(-28))/1). Calculate the greatest common divisor of 7 and x.
7
Let r = 348 + -273. Suppose 12 + 54 = 4*d + 3*k, 2*k - 64 = -4*d. What is the greatest common factor of d and r?
15
Let l = -283 - -311. Calculate the greatest common factor of 1120 and l.
28
Suppose 0 = -3*t - 5*g - 127, -4 + 0 = -g. Let v be 68/(-7) - (-14)/t. Let x = v - -11. Calculate the greatest common divisor of 3 and x.
1
Let f(h) = -h**3 + h**2 + h. Let u be f(-4). Let r = 890 - 871. What is the greatest common divisor of u and r?
19
Let z = -9 + 17. Let d = 5 + z. What is the greatest common factor of 13 and d?
13
Let l be -13*(0 - 4)/4. Let g be 0 + -3 + 1 - -4. Let j(o) = 6*o + 1. Let w be j(g). Calculate the greatest common divisor of w and l.
13
Let f be 13/(-7)*(3 + 4)*-1. Let c be -2*26/8*-8. Suppose -c = 3*d - 403. Calculate the greatest common divisor of f and d.
13
Suppose 0 = 27*h + 86 - 5189. Calculate the greatest common divisor of 315 and h.
63
Let v(u) = -4*u**3 - 7*u**2 - 4*u + 11. Let y be v(-3). What is the highest common factor of y and 8?
4
Let g be (35 + 0)*2/10. Suppose -86 + 16 = -g*m. What is the highest common factor of m and 70?
10
Let j(r) = r**2 - 10*r + 42. Let x be j(7). Let y be 1/(-3) - 2/(-6). Let w be -1*(y + -1*7). Calculate the highest common factor of w and x.
7
Let v(b) = 14*b + 315. Let k be v(0). Calculate the highest common divisor of k and 10.
5
Let j(b) = -b**3 - b**2. Let o be j(-1). Suppose -5*k + 15 = -z - 3*z, -4*z = o. Suppose w + k*w = 80. Calculate the highest common factor of w and 220.
20
Suppose 5*y - 488 = -4*v, -2*v - 339 - 137 = -5*y. Suppose -3*m + y + 84 = 0. What is the highest common factor of 6 and m?
6
Let v = 315 - 251. What is the highest common divisor of 512 and v?
64
Let u = -35 - -55. What is the highest common factor of 15 and u?
5
Let y be (0*(-4)/8 + 1)*3. Suppose 0 = -5*w - i + 59, -y*w - 3*i + 40 = -7*i. What is the greatest common factor of 3 and w?
3
Let f(p) = -2*p**2 - 7*p - 4. Let s be f(-3). Let a = s - -58. Let x be (0 - 20/(-1)) + -1. What is the highest common factor of a and x?
19
Let c(v) = v**2 + 10*v + 16. Let n be c(-8). Suppose -2*b + 6*b + 20 = n. Let r = 13 + b. What is the highest common factor of 1 and r?
1
Let p(k) = -k**2 - 7*k + 14. Let a be p(-7). What is the greatest common divisor of a and 287?
7
Let t(j) = j - 11. Let n be t(-4). Let h = n + 17. Let u be -